= -93 - 69. Let y be (-1071)/z + 2/(-9). Let l = y + -3. What is the units digit of l?
0
Let p(r) = r + 16. Let x be p(-13). Let k(h) = -2 + 1 + x*h - 5*h. What is the units digit of k(-6)?
1
Suppose 3*u - 1303 = -4*d, 2*u + 3*d = d + 866. What is the units digit of u/4 - (-3 - 45/(-20))?
8
Suppose 0 = -2*k - 4*s + 14 + 22, 5*k - 3*s - 38 = 0. Let b be 1/(0 + 1 + 0). What is the units digit of (10/k)/(b/4)?
4
What is the hundreds digit of (111/148)/(3/2836)?
7
Let h(f) = -6*f**3 + 2 - 2*f**3 - 7*f - 3 + 4*f. What is the tens digit of h(-2)?
6
Let b = 2657 + -978. What is the tens digit of b?
7
Let p be (33 + -28)*(-1 - -2)/1. Let h be ((-4)/5)/(1/(-5)). Suppose 3*f - 28 = -h*k, 3*f - 5*f + p*k = -57. What is the tens digit of f?
1
Suppose 6*s - 2*s = -3*o + 3735, -3*o + 1863 = 2*s. What is the tens digit of s?
3
Let h be -209 + 1 + -5 + 0. What is the units digit of 4/3*h/(-4)?
1
What is the thousands digit of ((-288)/(-120))/((-1)/(-785))?
1
Let o(m) be the first derivative of 5/3*m**3 - m - 1/2*m**2 + 7. What is the units digit of o(3)?
1
Suppose -q + 5*q = 116. Let v(c) = -c**3 - 25*c**2 - 4*c - 88. Let g be v(-25). Suppose -g = -y + 5*h + q, -157 = -3*y - 2*h. What is the units digit of y?
1
Suppose 512*v = 527*v - 44505. What is the tens digit of v?
6
Let x = -256 - -3137. What is the thousands digit of x?
2
Let h = -14 + -2. Let g be (3 + 28/h)*-4. What is the tens digit of 20*(g/(-2) + -2)?
1
Suppose -2*x + 33 = 5*u, u - 6*u - 4*x + 41 = 0. Suppose -u*q + 355 = -0. What is the units digit of q?
1
Suppose 5*l - 7*l = 7*w - 3761, -2*l + w + 3769 = 0. What is the tens digit of l?
8
Let r be (-16)/12*5*-3. Let m = -17 + r. Suppose 5*b - b - z = 229, -3*z = -m*b + 174. What is the units digit of b?
7
Suppose -30*r + 37*r = 25361. What is the tens digit of r?
2
Let s(p) = -4*p + 10. Let i be s(0). Let v be (-3)/(15/i) - -41. Suppose 8*a = 5*a + v. What is the tens digit of a?
1
Let l(m) = -9*m - 1 - 3*m + 9 - 1. What is the units digit of l(-3)?
3
Let g(s) = 9 - 4*s + 4*s - 7*s - 2*s. What is the tens digit of g(-7)?
7
Let o(g) = -g - 5. Let i be o(-7). Suppose i*n - 30 = 7*n. What is the units digit of (-355)/(-6) - (-1)/n?
9
Suppose 0 = -35*v + 24*v + 3850. What is the tens digit of v?
5
Suppose 0 = 27*s - 51*s + 29448. What is the tens digit of s?
2
Let r(o) = -o + 2. Let v be r(0). Suppose -2*l = -v*m - 48, 2*l - 13 = m - 6*m. What is the tens digit of l?
1
Let s(j) be the second derivative of j**6/120 - j**5/60 + j**4/12 - j**3/2 - 5*j. Let d(v) be the second derivative of s(v). What is the units digit of d(3)?
3
Let c be (25/(-10))/5*-6. Suppose -5*l = -2*u + 83, u = -c*u - 4*l + 152. What is the tens digit of u?
3
Suppose -75*q = -70*q - 6920. What is the thousands digit of q?
1
Let q(n) = -n**2 - 22. Let i be q(-12). What is the units digit of (-20)/(-120) + (i/(-12) - 0)?
4
Let c = 43 + -27. Let p be 2/(c/(-10))*8. Let r = p - -12. What is the units digit of r?
2
Let t(l) = l**3 + 6*l**2 + 5*l. Let r be t(-5). Suppose -8*z - 7 + 359 = r. What is the tens digit of z?
4
Let b = 873 + -524. What is the tens digit of b?
4
Let t be 5*(2592/(-15))/6. Let x = 206 + t. What is the units digit of x?
2
Let o be (-10)/3*(-90)/50. Let q(j) = 3*j**3 + 6*j**2 + 7*j - 7 - 2*j**3 - 2*j**3. What is the units digit of q(o)?
5
Let n(u) = -156*u + 34. What is the units digit of n(-6)?
0
Let b = 13 + -8. Suppose 0*u - b*u = 15, 3*u - 11 = -5*n. What is the units digit of n?
4
Let b(m) = 11*m + 4. Let f(h) = -23*h - 8. Let a(c) = 13*b(c) + 6*f(c). Suppose -j = -2*s + 2 + 2, -5*s = -j - 13. What is the units digit of a(s)?
9
Let q = -3 + -5. Let y = -4 - q. Let x(a) = -a**3 + 4*a**2 + 3*a + 5. What is the tens digit of x(y)?
1
Suppose 2*u = -2*b - 12, 40 = -4*u - b + 5*b. What is the tens digit of 5/2*u/(-30)*111?
7
Let v(f) = 2*f**2 - 10*f + 7. Let g be v(2). Let o(h) be the first derivative of -h**3/3 - 7*h**2/2 - 4*h - 1. What is the units digit of o(g)?
6
Let t = -37 + 9. Let q be (t + -11)*2/(-3). Let z = q + 18. What is the units digit of z?
4
Let f(h) = 2*h**2 + 5*h - 25. Let d(z) = -7*z**2 - 16*z + 2. Let k be d(-3). What is the tens digit of f(k)?
4
Let d = -205 - -265. What is the tens digit of d?
6
Let v(g) = -23*g**3 + 13*g**2 + 27*g - 24. What is the units digit of v(-5)?
1
Suppose 1228 = 5*y + 3*t, -2*y - 6*t + 488 = -4*t. What is the tens digit of y?
4
Suppose -5*i = -4*c + 23, i - c + 0 = -5. Let z = -11 + 0. Let a = i - z. What is the units digit of a?
8
What is the units digit of 4 - 7/(28/(-408))?
6
What is the thousands digit of ((-17)/(-17))/((-1)/(-1114))?
1
Let c(p) = -p**3 - 15*p**2 - 35*p + 105. What is the thousands digit of c(-17)?
1
Let t be -3 + 5*(-3 - -2). Let w = t + 21. What is the units digit of w?
3
Suppose 0 = o + 18*o - 2432. What is the units digit of o?
8
Let x(i) = 7*i + 9. Let q(k) = -7*k - 10. Let y(l) = 6*q(l) + 7*x(l). Let m(w) = -3*w**3 - w**2. Let z be m(-1). What is the tens digit of y(z)?
1
What is the units digit of ((-272)/(-85))/(3/360)?
4
Suppose 0 = 2*r + c - 8560, 4270 = -3*r + 4*r + 3*c. What is the tens digit of r?
8
Suppose 0 = l - n + 10, -n - 1 = -0*n. Suppose 4*q + 22 - 102 = 0. Let v = l + q. What is the units digit of v?
9
Let h = 28 + -12. Let k = h + -14. What is the units digit of (35/28)/(k/64)?
0
Let k = 14 + -11. Suppose -3*o = 4*f - 116, 0 = 4*f + k*o - 2*o - 124. Suppose 0*w - 20 = 4*w, c = -w + f. What is the tens digit of c?
3
Let m = 10 + 3. Let w = 11 - m. What is the tens digit of (w - (-3 + 0)) + 18?
1
Let o(v) = 22*v**2 + 15*v + 6. What is the tens digit of o(-3)?
5
Let z = -1336 + 3930. What is the units digit of z?
4
Suppose -33*l - 3415 = -27241. What is the tens digit of l?
2
Suppose -a - 985 = -2*g, -2*a - 225 + 1219 = 2*g. What is the tens digit of g?
9
Suppose 4*x = 8*x - 32. Let m be 390/x - 12/(-48). Suppose 4*s + 4*f = m + 75, 0 = -5*s - f + 143. What is the units digit of s?
8
Let h(r) be the third derivative of r**4/24 + r**3/6 - 5*r**2. Let o be h(4). Suppose -5*z = w - 20, 0 = o*z + 2 - 7. What is the units digit of w?
5
Let g(z) = -46*z + 80. What is the tens digit of g(-6)?
5
Let o = -164 + 171. What is the tens digit of (-21580)/(-70) - 2/o?
0
Let z(f) = -2*f - 4. Let x(t) = -5*t - 11. Let u(l) = -3*x(l) + 8*z(l). Let o be u(-3). Suppose o*c - 477 = -177. What is the units digit of c?
5
Let n be 3/(-12)*-2*12. Suppose -7*h + n*h + 17 = 0. Let b = 66 - h. What is the tens digit of b?
4
Suppose 2*o = -4*d + 120, o + 7 = 2*d + 75. Let a = o + -116. Let y = a + 83. What is the tens digit of y?
3
What is the units digit of (81/(-3) - -2)/(3/(-51))?
5
Let p = 524 - 391. What is the tens digit of p?
3
Let q be 3/1*-1*1 + 5. What is the tens digit of -40*((-99)/81 + q/9)?
4
Let x be -10*(5 + -2 + -7). What is the units digit of 70/x*10*4?
0
Let d(w) = -w**3 + 17*w**2 - 20*w + 41. What is the hundreds digit of d(14)?
3
Suppose 29*x - 50459 = 35381. What is the hundreds digit of x?
9
Suppose -5*l = 3*d - 79, 0*d - 3*l = d - 21. Suppose 12 = g + d. What is the units digit of (-21)/(-6)*(-36)/g?
6
Suppose 2*n - s - 101 = 0, 0 = 2*n - 2*s + 3*s - 111. Suppose -83 = -t - 5*l, 0 = -2*t + 3*l + n + 61. What is the units digit of t?
3
Let c = -16 + 16. Suppose c = -4*q + 8*q - 200. What is the tens digit of q?
5
Let v be 44/12 - 1*(-2)/6. What is the tens digit of 834/15 + v - (-2)/5?
6
Let m(s) = 7*s**2 + 2*s + 9. Let u be m(-2). Let a = -6 - 4. What is the units digit of 72/u + a/55?
2
Let u be -2 + (-3)/(9/(-6)). Suppose u - 4 = 4*f, -2*f = 3*n - 133. What is the tens digit of n?
4
What is the units digit of 36/8*(14 + 184)?
1
What is the units digit of ((7 + -19)/12)/((-2)/58)?
9
Let h be (12/(-10))/((-16)/(-80)). What is the units digit of (-116)/h*(-15)/(-10)?
9
Suppose -3*f = 3 + 9. Let a be (24/16)/(-3) - (-22)/4. What is the tens digit of f/a*75/(-2)?
3
Let l be 5*1 - (2 - 1). Let s = -221 + 381. Suppose 4*f + l = 20, -5*f = 4*i - s. What is the tens digit of i?
3
Let f(g) = 4*g - 9. Let h(t) = t - 1. Let x be h(7). Let p be f(x). Suppose -2*s = -s - y - p, 2*y - 89 = -5*s. What is the tens digit of s?
1
Suppose -4*f + 3*d = -53, -5*f - 2*d = -f - 38. Suppose 14*h - f*h = 0. Suppose h = -5*t + 10, -5*r - 3*t + 158 = -38. What is the tens digit of r?
3
Let m(i) = 95*i